 and 64876.
196
What is the greatest common factor of 2470 and 484250?
130
Calculate the greatest common divisor of 16035 and 30.
15
What is the highest common factor of 7332 and 2397?
141
Calculate the highest common divisor of 7 and 4739.
7
What is the greatest common divisor of 1888 and 8378?
118
Calculate the greatest common factor of 31183 and 1.
1
Calculate the greatest common factor of 35406 and 273.
21
Calculate the greatest common factor of 29563 and 74.
37
What is the greatest common factor of 5 and 143095?
5
What is the greatest common factor of 17069 and 1196?
13
What is the greatest common factor of 212 and 231716?
212
What is the greatest common divisor of 320974 and 3841?
167
What is the greatest common factor of 2860 and 283580?
220
What is the highest common factor of 3700743 and 3242?
1621
Calculate the highest common factor of 621 and 515430.
621
Calculate the highest common factor of 368 and 367172.
92
Calculate the highest common divisor of 458752 and 448.
448
Calculate the highest common divisor of 1722 and 16944480.
1722
Calculate the highest common divisor of 34692 and 11151.
1239
Calculate the greatest common factor of 164 and 63386.
82
What is the highest common factor of 293 and 2579279?
293
What is the highest common divisor of 252 and 125468?
28
What is the highest common factor of 1940 and 776?
388
Calculate the greatest common factor of 299145 and 66.
33
Calculate the greatest common divisor of 720392 and 2584.
136
What is the greatest common factor of 11712 and 18300?
732
Calculate the greatest common divisor of 72 and 2553.
3
Calculate the greatest common factor of 22437 and 486.
81
What is the highest common divisor of 87920 and 3520?
80
Calculate the greatest common factor of 2925 and 1024725.
975
Calculate the highest common factor of 555 and 3296700.
555
What is the highest common divisor of 924 and 354?
6
Calculate the greatest common divisor of 2474596 and 191.
191
Calculate the greatest common factor of 5837 and 260.
13
Calculate the highest common factor of 1529944 and 208.
104
Calculate the greatest common divisor of 70 and 1413636.
14
Calculate the highest common factor of 2140675 and 50.
25
Calculate the highest common factor of 452 and 369397.
113
Calculate the highest common factor of 1491 and 18389.
497
Calculate the greatest common divisor of 212 and 42082.
106
Calculate the highest common divisor of 2 and 7841.
1
What is the greatest common divisor of 106 and 42?
2
What is the greatest common divisor of 2 and 34275?
1
What is the highest common divisor of 833 and 2185554?
119
What is the greatest common factor of 1390797 and 27?
27
What is the highest common divisor of 282 and 536082?
282
What is the highest common factor of 17 and 195211?
17
Calculate the greatest common factor of 537 and 81803.
179
Calculate the greatest common factor of 779898 and 1302.
1302
What is the highest common divisor of 416 and 8658?
26
What is the greatest common divisor of 769 and 8881181?
769
What is the highest common divisor of 4900 and 2070740?
980
Calculate the highest common factor of 3872 and 1376.
32
Calculate the highest common factor of 366478 and 14.
14
What is the greatest common divisor of 344789 and 1211?
173
What is the greatest common divisor of 415770 and 390?
30
Calculate the greatest common divisor of 35513 and 34.
17
What is the highest common factor of 168 and 1742601?
21
What is the greatest common divisor of 77 and 462?
77
Calculate the highest common factor of 2873 and 17.
17
Calculate the greatest common divisor of 317618 and 3704.
926
What is the greatest common divisor of 2 and 195053?
1
What is the highest common divisor of 1141 and 97963?
163
What is the greatest common factor of 2869 and 33421?
19
What is the greatest common factor of 391410 and 18?
18
What is the highest common divisor of 422 and 4606341?
211
What is the highest common divisor of 225459 and 282?
141
What is the greatest common divisor of 9490 and 520?
130
Calculate the greatest common divisor of 3870260 and 30.
10
Calculate the greatest common divisor of 19968 and 2376.
24
Calculate the highest common factor of 496 and 6288.
16
What is the highest common divisor of 912 and 135280?
304
Calculate the greatest common divisor of 4133962 and 28.
14
Calculate the highest common divisor of 834 and 248393.
139
Calculate the greatest common divisor of 211120 and 5152.
112
Calculate the greatest common divisor of 56024 and 4.
4
Calculate the greatest common factor of 4590 and 36210.
510
Calculate the greatest common factor of 10989 and 297.
297
Calculate the highest common factor of 24 and 249564.
12
Calculate the highest common factor of 14 and 262423.
7
What is the highest common divisor of 43615 and 1287?
143
What is the highest common divisor of 3248 and 56144?
464
What is the greatest common divisor of 2 and 41241?
1
Calculate the greatest common factor of 40 and 300312.
8
Calculate the highest common factor of 67505 and 920.
115
What is the greatest common divisor of 43941 and 3775?
151
Calculate the highest common factor of 333 and 40922.
37
What is the greatest common factor of 998 and 2027437?
499
What is the highest common factor of 144325 and 92?
23
Calculate the greatest common factor of 35319 and 2196.
183
What is the greatest common factor of 1577 and 14857?
83
What is the highest common factor of 5882 and 476?
34
What is the greatest common factor of 63 and 123399?
9
What is the highest common factor of 588 and 18900?
84
Calculate the highest common factor of 2303 and 2009.
49
What is the highest common factor of 280 and 7630?
70
What is the greatest common factor of 298328 and 2514?
838
Calculate the greatest common factor of 2122 and 10849786.
2122
Calculate the highest common factor of 4610190 and 390.
390
Calculate the greatest common divisor of 4260 and 2548545.
1065
Calculate the greatest common factor of 4050 and 1725.
75
What is the greatest common factor of 16 and 220624?
16
Calculate the highest common factor of 592 and 219854.
74
Calculate the greatest common factor of 1370 and 740.
10
Calculate the highest common factor of 207254 and 1211.
173
What is the highest common factor of 314 and 497062?
314
Calculate the greatest common divisor of 1089493 and 123.
41
Calculate the greatest common divisor of 2164426 and 2035.
407
Calculate the greatest common factor of 29855 and 35.
35
Calculate the greatest common divisor of 12 and 1562340.
12
Calculate the greatest common factor of 1044 and 36598.
58
What is the highest common factor of 19032 and 12909?
39
Calculate the greatest common factor of 6745130 and 668.
334
Calculate the greatest common divisor of 92 and 5300258.
46
What is the highest common divisor of 1077 and 69?
3
What is the greatest common divisor of 349 and 653677?
349
What is the greatest common factor of 77 and 81620?
77
Calculate the greatest common divisor of 100 and 2890.
10
Calculate the greatest common divisor of 8643 and 57.
3
What is the greatest common divisor of 11 and 96195?
11
What is the highest common divisor of 8036 and 91225?
41
Calculate the highest common factor of 33254 and 52.
26
What is the highest common factor of 4186 and 53774?
322
Calculate the greatest common factor of 48 and 455376.
48
What is the highest common divisor of 666795 and 105?
15
What is the highest common factor of 63 and 382977?
63
What is the greatest common factor of 3 and 37659?
3
Calculate the highest common divisor of 18 and 425.
1
What is the highest common factor of 1309 and 117997?
187
Calculate the greatest common factor of 4393895 and 22.
11
Calculate the greatest common divisor of 45521 and 245.
49
What is the highest common divisor of 4122 and 288?
18
Calculate the highest common divisor of 95 and 426835.
95
What is the highest common factor of 3480 and 56904?
24
Calculate the highest common factor of 234 and 541632.
78
Calculate the highest common factor of 105 and 17098095.
105
Calculate the highest common divisor of 4 and 9250484.
4
What is the highest common divisor of 10964 and 8?
4
What is the highest common divisor of 2824 and 34947?
353
Calculate the greatest common divisor of 689 and 24539.
53
Calculate the greatest common divisor of 286 and 2038322.
286
Calculate the greates